multiple of 76?
False
Does 29 divide 4727?
True
Is 86 a factor of 1274?
False
Does 9 divide 41679?
True
Is 37 a factor of 4559?
False
Is 11913 a multiple of 33?
True
Is 21 a factor of 282?
False
Does 43 divide 550?
False
Is 435 a multiple of 29?
True
Is 2079 a multiple of 21?
True
Is 8 a factor of 1333?
False
Is 1219 a multiple of 51?
False
Is 42396 a multiple of 73?
False
Is 6 a factor of 63538?
False
Does 46 divide 5382?
True
Is 46 a factor of 486?
False
Does 22 divide 3079?
False
Is 11 a factor of 5082?
True
Is 585 a multiple of 11?
False
Does 7 divide 502?
False
Does 14 divide 1973?
False
Is 106 a factor of 454?
False
Is 44242 a multiple of 26?
False
Does 316 divide 1896?
True
Does 6 divide 3510?
True
Is 43 a factor of 105135?
True
Is 5328 a multiple of 72?
True
Does 26 divide 455?
False
Is 7055 a multiple of 22?
False
Does 12 divide 12684?
True
Is 6664 a multiple of 2?
True
Does 41 divide 492?
True
Is 9 a factor of 423?
True
Does 114 divide 5629?
False
Is 308 a multiple of 77?
True
Is 1082 a multiple of 23?
False
Is 593 a multiple of 28?
False
Is 13 a factor of 77?
False
Is 9 a factor of 9649?
False
Does 5 divide 392?
False
Does 9 divide 4752?
True
Is 348 a multiple of 10?
False
Is 14 a factor of 20104?
True
Does 72 divide 10368?
True
Is 20 a factor of 2000?
True
Is 18 a factor of 1908?
True
Is 597 a multiple of 3?
True
Is 90 a multiple of 5?
True
Is 16 a factor of 1968?
True
Does 50 divide 50?
True
Does 15 divide 3801?
False
Is 12183 a multiple of 93?
True
Is 22 a factor of 57024?
True
Is 15 a factor of 735?
True
Does 11 divide 19631?
False
Is 12 a factor of 29844?
True
Does 80 divide 9760?
True
Is 12 a factor of 7016?
False
Is 1873 a multiple of 20?
False
Is 11 a factor of 4554?
True
Is 234 a multiple of 3?
True
Does 3 divide 1484?
False
Is 63 a factor of 208?
False
Does 16 divide 2256?
True
Is 19 a factor of 720?
False
Is 2796 a multiple of 16?
False
Does 5 divide 188?
False
Does 9 divide 785?
False
Is 2951 a multiple of 46?
False
Is 115 a multiple of 15?
False
Does 25 divide 7200?
True
Does 9 divide 9216?
True
Is 14 a factor of 182?
True
Is 21 a factor of 2045?
False
Does 14 divide 63672?
True
Is 101388 a multiple of 51?
True
Is 149 a factor of 32867?
False
Does 158 divide 4266?
True
Is 25 a factor of 4493?
False
Does 15 divide 839?
False
Is 28353 a multiple of 13?
True
Is 1488 a multiple of 62?
True
Is 16 a factor of 4888?
False
Is 128 a factor of 17611?
False
Does 135 divide 53730?
True
Does 14 divide 363?
False
Does 278 divide 32526?
True
Is 87 a factor of 2075?
False
Does 90 divide 10080?
True
Is 45 a factor of 1301?
False
Is 10013 a multiple of 58?
False
Is 46 a factor of 552?
True
Is 233 a factor of 67278?
False
Is 36 a factor of 1440?
True
Is 72450 a multiple of 18?
True
Does 49 divide 4458?
False
Does 40 divide 24357?
False
Is 72 a factor of 1152?
True
Is 17 a factor of 3197?
False
Is 2069 a multiple of 87?
False
Does 21 divide 693?
True
Is 999 a multiple of 84?
False
Is 540 a multiple of 12?
True
Is 176 a multiple of 6?
False
Is 88 a factor of 37840?
True
Is 4304 a multiple of 121?
False
Is 104 a multiple of 25?
False
Does 26 divide 6006?
True
Is 7311 a multiple of 28?
False
Is 60 a factor of 68892?
False
Does 7 divide 77?
True
Is 78 a factor of 18533?
False
Is 1526 a multiple of 109?
True
Is 188 a multiple of 8?
False
Is 35 a factor of 4130?
True
Is 41 a factor of 88?
False
Does 75 divide 43275?
True
Is 19 a factor of 1957?
True
Is 30685 a multiple of 216?
False
Is 16 a factor of 1840?
True
Does 10 divide 5500?
True
Is 33 a factor of 386?
False
Is 52 a factor of 2964?
True
Does 23 divide 920?
True
Does 89 divide 534?
True
Is 4590 a multiple of 170?
True
Does 4 divide 311?
False
Is 2447 a multiple of 13?
False
Is 3 a factor of 91?
False
Is 1547 a multiple of 17?
True
Is 648 a multiple of 24?
True
Is 68 a factor of 4168?
False
Is 51 a factor of 1355?
False
Does 16 divide 18640?
True
Does 22 divide 1997?
False
Does 17 divide 745?
False
Does 71 divide 9727?
True
Is 91 a factor of 2912?
True
Is 47 a factor of 10716?
True
Is 7 a factor of 13909?
True
Is 10 a factor of 34400?
True
Is 33 a factor of 957?
True
Is 15 a factor of 324?
False
Is 54 a factor of 65496?
False
Is 33642 a multiple of 17?
False
Is 144 a multiple of 9?
True
Does 9 divide 918?
True
Is 65 a multiple of 5?
True
Is 87 a factor of 1218?
True
Is 116 a factor of 3952?
False
Does 20 divide 8057?
False
Does 14 divide 2898?
True
Is 2 a factor of 183?
False
Does 2 divide 110?
True
Does 33 divide 10428?
True
Is 87 a factor of 7496?
False
Does 161 divide 11618?
False
Does 83 divide 6055?
False
Is 93 a factor of 8928?
True
Does 5 divide 2553?
False
Is 25 a factor of 38306?
False
Is 1440 a multiple of 15?
True
Does 3 divide 1556?
False
Is 36 a factor of 154?
False
Does 68 divide 680?
True
Is 40 a factor of 12277?
False
Is 11 a factor of 253?
True
Does 6 divide 8495?
False
Does 154 divide 28028?
True
Is 1131 a multiple of 39?
True
Is 246 a factor of 6132?
False
Is 16330 a multiple of 46?
True
Is 23 a factor of 759?
True
Is 3554 a multiple of 27?
False
Is 13 a factor of 46440?
False
Is 13 a factor of 595?
False
Is 6868 a multiple of 68?
True
Does 59 divide 236?
True
Does 3 divide 1178?
False
Does 76 divide 42180?
True
Does 89 divide 5576?
False
Does 26 divide 8944?
True
Does 28 divide 1498?
False
Does 20 divide 340?
True
Is 69 a factor of 1533?
False
Does 11 divide 5221?
False
Is 228 a multiple of 4?
True
Is 8415 a multiple of 85?
True
Is 16520 a multiple of 5?
True
Is 23 a factor of 1412?
False
Is 38 a factor of 531?
False
Is 44 a factor of 484?
True
Is 51 a factor of 3876?
True
Is 36371 a multiple of 52?
False
Is 6152 a multiple of 3?
False
Does 96 divide 1968?
False
Does 108 divide 864?
True
Does 13 divide 47724?
False
Is 16 a factor of 496?
True
Is 716 a multiple of 2?
True
Is 11760 a multiple of 28?
True
Is 4 a factor of 936?
True
Is 3397 a multiple of 79?
True
Does 96 divide 2688?
True
Is 3 a factor of 99?
True
Does 2 divide 4024?
True
Does 47 divide 24729?
False
Is 5 a factor of 10098?
False
Is 54 a factor of 13230?
True
Is 52 a multiple of 4?
True
Is 28 a factor of 1954?
False
Does 7 divide 223?
False
Does 28 divide 8904?
True
Does 20 divide 9832?
False
Does 13 divide 6743?
False
Is 36 a factor of 3960?
True
Is 33 a factor of 603?
False
Does 138 divide 4002?
True
Does 5 divide 157?
False
Is 38 a factor of 8136?
False
Does 259 divide 81326?
True
Is 6 a factor of 360?
True
Is 24 a factor of 720?
True
Is 4522 a multiple of 119?
True
Does 5 divide 2593?
False
Is 26607 a multiple of 7?
True
Is 16 a factor of 35885?
False
Is 6644 a multiple of 22?
True
Does 25 divide 878?
False
Is 22330 a multiple of 11?
True
Does 5 divide 6469?
False
Does 183 divide 22100?
False
Is 875 a multiple of 18?
False
Does 10 divide 13?
False
Does 25 divide 6583?
False
Is 1980 a multiple of 45?
True
Is 32704 a multiple of 64?
True
Is 330 a multiple of 10?
True
Is 19048 a multiple of 66?
False
Is 1242 a multiple of 5?
False
Is 2455 a multiple of 23?
False
Is 433 a multiple of 8?
False
Is 3 a factor of 117?
True
Does 22 divide 1922?
False
Is 1112 a multiple of 12?
False
Does 15 divide 5862?
False
Is 2 a factor of 20?
True
Does 42 divide 28850?
False
Does 16 divide 3344?
True
Is 17 a factor of 14337?
False
Is 62472 a multiple of 38?
True
Is 57 a factor of 5472?
True
Is 12039 a multiple of 26?
False
Is 67 a factor of 3829?
False
Does 3 divide 14290?
False
Is 3 a factor of 546?
True
Does 5 divide 121?
False
Does 152 divide 37240?
True
Does 232 divide 29464?
True
Is 81 a factor of 5001?
False
Is 2769 a multiple of 71?
True
Is 5352 a multiple of 12?
True
Is 39910 a multiple of 74?
False
Is 9020 a multiple of 82?
True
Is 6 a factor of 13518?
True
Does 63 divide 192?
False
Does 64 divide 1921?
False
Is 28 a factor of 60?
False
Is 2005 a multiple of 16?
False
Is 192 a multiple of 6?
True
Is 540 a multiple of 18?
True
Does 158 divide 1452?
False
Is 18 a factor of 4524?
False
Is 47819 a multiple of 8?
False
Is 87 a factor of 922?
False
Is 32 a factor of 128?
True
Is 22 a factor of 186?
False
Does 18 divide 5185?
False
Is 3 a factor of 40?
False
Does 39 divide 12420?
False
Is 2 a factor of 366?
True
Is 1080 a multiple of 15?
True
Does 3 divide 220?
False
Is 13250 a multiple of 106?
True
Is 9 a factor of 7731